?
-ac
In base 5, what is -3320 + 3?
-3312
In base 7, what is 14555 - 1?
14554
In base 5, what is -3 - -21111?
21103
In base 13, what is 15 - -16?
2b
In base 8, what is 2662 + 1?
2663
In base 5, what is -31 + -2?
-33
In base 5, what is 0 - -20?
20
In base 14, what is -1 + -9c6?
-9c7
In base 5, what is 11 - -4041?
4102
In base 10, what is -20 - -479?
459
In base 10, what is -3414 + 0?
-3414
In base 11, what is 78 + 10?
88
In base 10, what is 4075 + -4?
4071
In base 12, what is -37 + 21?
-16
In base 6, what is -155 + -131?
-330
In base 11, what is -5 - -6?
1
In base 12, what is 85b + 1?
860
In base 4, what is 11 + 1002?
1013
In base 15, what is 0 - 3d1?
-3d1
In base 3, what is -11221 - 11?
-12002
In base 15, what is -4 - 1de?
-1e3
In base 4, what is -303 + 1?
-302
In base 3, what is 10112 + -1222?
1120
In base 8, what is -22 + 1566?
1544
In base 11, what is -459 + -2?
-460
In base 2, what is -1011 + 1011010?
1001111
In base 9, what is 8371 - 1?
8370
In base 11, what is 5 + -628?
-623
In base 11, what is -805 + 3?
-802
In base 3, what is 1010002002 + 10?
1010002012
In base 3, what is 120 + -12021?
-11201
In base 7, what is 10060 - -3?
10063
In base 8, what is 137 - -5?
144
In base 5, what is -344121 + -3?
-344124
In base 5, what is 24 + 11?
40
In base 2, what is 101 + -11100?
-10111
In base 13, what is -15a + 18?
-142
In base 5, what is -22 + -32?
-104
In base 7, what is 1405 + -6?
1366
In base 12, what is 70 + -3?
69
In base 5, what is -3002 - -3?
-2444
In base 6, what is 4342 - 2?
4340
In base 3, what is 1 + 120000?
120001
In base 7, what is 26 - -14?
43
In base 16, what is -1d + -2?
-1f
In base 15, what is 336 + 4?
33a
In base 13, what is 26b + -9?
262
In base 2, what is -10 - 10010?
-10100
In base 8, what is 1 + -653?
-652
In base 14, what is -5 + -1d8?
-1dd
In base 16, what is -1 - 22?
-23
In base 8, what is 0 + -21?
-21
In base 10, what is 70188 - 4?
70184
In base 5, what is -22421 - 12?
-22433
In base 4, what is -11 - 102321?
-102332
In base 4, what is -30 - 10310?
-11000
In base 12, what is 6 + -16?
-10
In base 4, what is -23011 + 3?
-23002
In base 13, what is -6622 + 5?
-661a
In base 16, what is -1 + 197?
196
In base 2, what is 100 + 1100?
10000
In base 5, what is -40 - 112?
-202
In base 5, what is 2 + -4300?
-4243
In base 14, what is -1235 - 3?
-1238
In base 6, what is -22 + 15?
-3
In base 16, what is 1 + -ea?
-e9
In base 6, what is 1022 + 2?
1024
In base 16, what is 0 - -43?
43
In base 12, what is -4 - -42?
3a
In base 10, what is -995 + 17?
-978
In base 13, what is -14 - -a?
-7
In base 13, what is 2 - 1c36?
-1c34
In base 13, what is -2a41 + -3?
-2a44
In base 3, what is -102100 + 200?
-101200
In base 6, what is 342 - -5?
351
In base 7, what is -10110 - -1?
-10106
In base 4, what is -1 - 21?
-22
In base 3, what is 1 + 100000?
100001
In base 6, what is -15 + 1?
-14
In base 3, what is -1 + -10002?
-10010
In base 9, what is 35 + 0?
35
In base 12, what is -3 - -24?
21
In base 8, what is -53 - -3?
-50
In base 11, what is 1422 - 1?
1421
In base 13, what is 3b - -7?
45
In base 11, what is -621 + -4?
-625
In base 13, what is b95 - -1?
b96
In base 14, what is 3 - 115?
-112
In base 12, what is -1 + 867?
866
In base 13, what is -8 + -1a?
-25
In base 13, what is 132 + 5?
137
In base 9, what is -151 - 14?
-165
In base 2, what is 1100000 - -1?
1100001
In base 9, what is 0 - -31?
31
In base 15, what is 4 + 13cd?
13d2
In base 14, what is 46 - -2?
48
In base 12, what is -4898 - 0?
-4898
In base 15, what is -302 - 7?
-309
In base 11, what is -2a2 + -22?
-314
In base 11, what is 7 + -498?
-491
In base 15, what is -9 - 83?
-8c
In base 12, what is -3 + -507?
-50a
In base 3, what is -2 - 20?
-22
In base 9, what is -20467 - 4?
-20472
In base 2, what is 101 + 101011111?
101100100
In base 9, what is 42835 - 2?
42833
In base 14, what is -54b1 - -5?
-54aa
In base 2, what is 1011000000 - -100?
1011000100
In base 14, what is -4 - 1b?
-21
In base 5, what is 1442 + -130?
1312
In base 15, what is -1372 - -1?
-1371
In base 4, what is -11 + -1111?
-1122
In base 3, what is -11 + -112?
-200
In base 2, what is -1001010001 - 1010?
-1001011011
In base 3, what is -2201 + -1012?
-10220
In base 8, what is 31 - 4?
25
In base 10, what is 31 - 16?
15
In base 15, what is bd8 + 5?
bdd
In base 13, what is 4 - -275?
279
In base 16, what is 0 - a1?
-a1
In base 4, what is -21102 + 12?
-21030
In base 11, what is 406 - 2?
404
In base 13, what is 716 + 3?
719
In base 14, what is -9 + -21?
-2a
In base 7, what is -1 + -10?
-11
In base 4, what is 10131 - 1?
10130
In base 15, what is -d + -19?
-27
In base 13, what is 16 + 7?
20
In base 3, what is 21221 + -12?
21202
In base 11, what is -29605 + 1?
-29604
In base 7, what is -14146 + -2?
-14151
In base 16, what is 13d + 7?
144
In base 2, what is 10001110 + 1001?
10010111
In base 6, what is -230 - -1?
-225
In base 14, what is da9 - -2?
dab
In base 7, what is 6002 - 3?
5666
In base 15, what is 5 + 1bb5?
1bba
In base 12, what is 0 - -2b?
2b
In base 6, what is -21 + 1?
-20
In base 4, what is 21 - 11000?
-10313
In base 3, what is -102 + 21?
-11
In base 7, what is -6 - -2526?
2520
In base 13, what is a77 + 0?
a77
In base 8, what is 3455 + 1?
3456
In base 13, what is -20 - -2a?
a
In base 13, what is 169 + 2?
16b
In base 2, what is -1001111 - 1?
-1010000
In base 9, what is -5227 - -1?
-5226
In base 6, what is -4 + -20331?
-20335
In base 12, what is 4 - -1?
5
In base 6, what is -1010 + -4?
-1014
In base 16, what is 12fe - -4?
1302
In base 4, what is -1020 + 2?
-1012
In base 8, what is -55 + 1?
-54
In base 8, what is 22 - -6?
30
In base 7, what is 53 - 64?
-11
In base 4, what is -321 + 2?
-313
In base 13, what is 1 + 5?
6
In base 4, what is 3 - 330123?
-330120
In base 16, what is -113 - -1f?
-f4
In base 11, what is 201 - 4?
1a8
In base 6, what is -2 + 2054?
2052
In base 11, what is -6213 + -5?
-6218
In base 7, what is -2 + -54?
-56
In base 10, what is 224 - 4?
220
In base 14, what is 0 + -232?
-232
In base 14, what is 768 - 2?
766
In base 15, what is 5 + -2e?
-29
In base 12, what is 4 - -a2?
a6
In base 4, what is -22 + 201?
113
In base 7, what is -3114 + 22?
-3062
In base 5, what is -3411 - 4?
-3420
In base 8, what is -20520 - 0?
-20520
In base 2, what is -10 + 101100?
101010
In base 16, what is 26 + 3?
29
In base 7, what is -4 + 3131?
3124
In base 13, what is 4 + -41?
-3a
In base 12, what is -21 + 45?
24
In base 7, what is -1635 + -1?
-1636
In base 11, what is -191 + -1?
-192
In base 7, what is 5 + -625?
-620
In base 5, what is 2 + -11033?
-11031
In base 9, what is -1 + 1076?
1075
In base 15, what is 5 + -924?
-91e
In base 2, what is -1001001001011 + 10?
-1001001001001
In base 13, what is -10 + -72?
-82
In base 5, what is -3231 - 2?
-3233
In base 3, what is -1010 - -102?
-201
In base 15, what is -19 - 197?
-1b1
In base 13, what is -269 - -5?
-264
In base 12, what is 4 - -531?
535
In base 4, what is 1 - 233113?
-233112
In base 5, what is -3103 - 12?
-3120
In base 16, what is 101 + -e?
f3
In base 15, what is 3e4 - 5?
3de
In base 8, what is -1 + 1?
0
In base 13, what is -72a - 0?
-72a
In base 16, what is -347d + 0?
-347d
In base 5, what is -13 - -1041?
1023
In base 8, what is 2324 - 4?
2320
In base 6, what is -144 + -24?
-212
In base 5, what is 1204 + 222?
1431
In base 5, what is 1 + 1400?
1401
In base 10, what is 584 - -15?
599
In base 13, what is 5 - -71?
76
In base 3, what is -1 + -11?
-12
In base 3, what is -2 - 1211?
-1220
In base 7, what is 2 + 50?
52
In base 14, what is -1 + -15?
-16
In base 11, what is -432 + 9?
-424
In base 7, what is 14 - 1214?
-1200
In base 4, what is 202221 + 11?
202232
In base 2, what is 10110001001 - -1110?
10110010111
In base 2, what is 0 + -111011?
-111011
In base 9, what is 1 - -18?
20
In base 12, what is 75 - -14?
89
In base 7, what is 3 - 15353?
-15350
In base 15, what is -3 + -7e?
-82
In base 2, what is 110011100100 - -11?
110011100111
In base 6, what is -3 - 22103?
-22110
In base 6, what is 3 - 1323?
-1320
In base 14, what is 28 + 3?
2b
In base 10, what is -6969 - 2?
-6971
In base 11, what is -12 + 783?
771
In base 13, what is -109 - 19?
-125
In base 7, what is -1036 - -1?
-1035
In base 7, what is 1 - 1155?
-1154
In base 13, what is 57 + 4?
5b
In base 5, what is 110 + 42?
202
In base 3, what is -202010 + -202?
-202212